et z be n(k). Let s(g) = -10*g - 26. Calculate the remainder when s(z) is divided by 10.
4
Let t(h) be the first derivative of h**3/3 - 5*h**2/2 + 40*h + 87. What is the remainder when 159 is divided by t(7)?
51
Suppose -3787 + 875 = -52*f. Suppose x + 216 = o - x, x + 843 = 4*o. What is the remainder when o is divided by f?
42
Suppose -11*x = -8*x - 348. Suppose 5*m - 141 + x = 0. Calculate the remainder when m is divided by 4.
1
Let p be -21*(4/(-18) + (-14)/18). Suppose 17 = -y + p. Suppose -v = -w + y*v + 80, 5*v - 280 = -3*w. Calculate the remainder when w is divided by 23.
21
Let w be 0 + -19 - (0 + -1). Let x be (-110)/4 + 9/w. Let o = 53 + x. What is the remainder when 121 is divided by o?
21
Let x = 5 + -19. Calculate the remainder when 34 is divided by 1/(x/(-256)) - 6/21.
16
Suppose -12*t + 5733 = 11*t + 124*t. What is the remainder when 8616 is divided by t?
36
Suppose 0 = -2*r + 5*s + 18 - 58, 0 = 4*s - 16. Let a be (-100)/6*48/r. Suppose 135 = 5*k - a. Calculate the remainder when k is divided by 26.
17
Let h(v) = -2*v**3 - 17*v**2 + 9*v + 22. Suppose 0 = 2*o - 3*c + 4*c - 103, -5*c - 25 = 0. What is the remainder when o is divided by h(-9)?
10
Let l = 13345 - 13309. What is the remainder when 1399 is divided by l?
31
Let r(j) = -8*j - 4. Let m be r(-4). Suppose 0 = -m*o + 14*o + 168. Suppose 12 = 5*v - 8. What is the remainder when o is divided by v?
0
Let g(k) = 17*k - 10. Let r be (6 - (-60)/(-5)) + 16. Calculate the remainder when g(r) is divided by 54.
52
Suppose 18 - 246 = -4*d. Suppose 23*u - 21*u - 42 = 0. What is the remainder when (-1 + 4)*1589/u is divided by d?
56
Let f(b) be the second derivative of 5*b**3/6 + 2*b**2 + 9*b. Let l be f(9). Suppose -c + l = -13. What is the remainder when c is divided by 22?
18
Let f(g) = -27*g**2 + 8*g - 21. Let n be f(4). Let a = n + 458. Calculate the remainder when 95 is divided by a.
21
Suppose 5*p - 3*z = 1103, -3*z - 192 = -2*p + 242. Let k = p + -215. What is the remainder when 39 is divided by k?
7
Suppose 0 = -3*u + 3*b + 12, 4*b + b = 4*u - 18. Suppose 0 = u*t + 50 - 52, 53 = 3*g - 4*t. Calculate the remainder when g is divided by 5.
4
Suppose 39*l - 57*l = -9522. Calculate the remainder when l is divided by 5.
4
Let k(x) = x**3 + 7*x**2 + 2*x - 8. Suppose 20 = 151*a - 147*a + 2*p, 4*a - 2*p - 60 = 0. What is the remainder when k(-6) is divided by a?
6
Let a(d) = 12*d - 53. Let b be a(5). Suppose 271 = b*f - 93. What is the remainder when f is divided by 19?
14
Suppose 0 = g - 3 - 4. Let l be (-3)/(-6)*(-6 + g)*16. Suppose -l*d = -21*d + 286. Calculate the remainder when d is divided by 12.
10
Let v(u) = 12*u - 19. Suppose -2*z + 0*z - 4*a = -4, 0 = 4*a - 12. Let q be v(z). Let r = q - -68. What is the remainder when 1 is divided by r?
0
Let t be (-26)/2 + (-4 - -12). What is the remainder when 84 is divided by (-5 + (-42)/(-9))/(t/360)?
12
Suppose 0 - 24 = -4*q. Suppose -q*u = -8*u + 4. Suppose -u*l - 6 = 0, -2*r - 3*l + 32 = -7*l. What is the remainder when 29 is divided by r?
9
Calculate the remainder when 490 is divided by 1*(4/16 + (-7096)/(-32)).
46
Let j be 10/(-85) + 2403/51. Suppose j = 4*i - 41. Calculate the remainder when 72 is divided by i.
6
Let g = -52 - -81. What is the remainder when g is divided by (176/16)/66 + 53/6?
2
Suppose 0 = -f + 4 - 0. Suppose 7*g - f*a - 29 = 4*g, a - 33 = -5*g. Let c = -6916 - -6939. What is the remainder when c is divided by g?
2
Let z = 1169 - 705. Calculate the remainder when z is divided by 432.
32
Let h(z) = 26*z + 16. Suppose m - 19 = q + 5*m, m = 3*q - 8. What is the remainder when h(q) is divided by 16?
10
Let a = 406 - -290. Calculate the remainder when a is divided by 17.
16
Suppose -17 = -5*y - 7. Calculate the remainder when 36 is divided by 4 - (-27 + (y - -5)).
12
Suppose 67*d - 3443 = 2430 - 580. Calculate the remainder when 755 is divided by d.
44
Let r = 41 - 27. Suppose r*g = 16*g. Suppose g*o + 2*o = 282. What is the remainder when o is divided by 36?
33
Let b = 2129 + -260. Suppose -b + 573 = -18*m. Calculate the remainder when m is divided by 30.
12
Let v(t) = 2*t**2 - 11*t + 10. Let u be v(5). Let n be 5*((u - 3) + -1). Suppose n*z - 9 - 66 = 0. What is the remainder when 42 is divided by z?
12
Let v(t) = -93*t**3 + 4*t**2 + 5*t - 3. Let q be v(-2). Let z = q + -632. What is the remainder when z is divided by 41?
33
Let c(f) = -f + 15. Let x be c(12). Suppose j = 2*o + 27, x*j - 5*o = 5*j - 54. Suppose 0 = 8*v - 61 - j. What is the remainder when 52 is divided by v?
8
Let a = 11699 - 11664. Let v(m) = -m**3 + 6*m**2 - 5*m + 6. Calculate the remainder when a is divided by v(5).
5
Let a(y) = 18*y**2 - 555*y + 101. What is the remainder when a(31) is divided by -3*26*(-5)/6?
64
Suppose 3*z = -0*z + 18. Suppose 15*m = 2*m + 104. What is the remainder when (-216)/(-14) + m/14 is divided by z?
4
Suppose 26 = -5*n + k + 3*k, -2*n - 2*k = 14. Let t = 3 - n. What is the remainder when 44 is divided by (-203)/(-28) + t/12?
4
Suppose -7*x + 3*m + 837 = m, x = -m + 126. What is the remainder when 459 is divided by x?
96
Suppose 0 = -37*t - 68*t + 337680. What is the remainder when t is divided by 14?
10
Suppose 32*s - 66*s + 224436 = 84*s. What is the remainder when s is divided by 379?
7
Suppose -5*c + 35*v = 31*v - 1089, 3*c = v + 659. What is the remainder when 1552 is divided by c?
5
Suppose 0 = -2*g + 116 + 200. Let x(l) = -l**3 - 12*l**2 + 7*l. Let p be x(-12). Let j = p + g. What is the remainder when j is divided by 15?
14
What is the remainder when 40948 is divided by 280/(-16)*(-12)/10*(-2)/(-1)?
40
Suppose -2 = 2*n, -3*n - 279 - 568 = -4*b. Let s(x) = 110*x + 9633. Calculate the remainder when b is divided by s(-87).
22
Let m be 27 - 25 - (-159 - 1 - 0). Calculate the remainder when 66 is divided by (-36)/m + (-5)/((-90)/184).
6
Let f(v) = -3*v**2 + v - 4. Let d(w) = -2*w**2 - 3. Let a(k) = 4*d(k) - 3*f(k). Suppose 0 = 3*x - x - 66. Calculate the remainder when x is divided by a(5).
3
Suppose 3*k - 14 = 2*j - 0*j, j - 5 = 0. Suppose 3*l + k = -4*a, 15 = 5*l + a - 0*a. Suppose -28 = -l*q + 216. What is the remainder when q is divided by 16?
13
Suppose 780 = 10*u - 0*u. Let k be ((-330)/5)/(1 - 0). Let p = u + k. What is the remainder when 33 is divided by p?
9
Let s(f) = 4*f**3 + f**2 - 2*f**3 + f**2 - 5*f**2 + 3 - f. Calculate the remainder when 15 - 5/(25/10) is divided by s(2).
3
Let m(z) = z**2 - 8*z + 3. Let i be m(8). Suppose -i*p - 83 = -404. Let b = 2174 - 2147. What is the remainder when p is divided by b?
26
Calculate the remainder when 73/4*(-157 + 185) is divided by 153.
52
Let r = -14629 + 14844. Calculate the remainder when 223 is divided by r.
8
Suppose 49709 + 241 = 333*o. Calculate the remainder when 317 is divided by o.
17
Suppose -23*j = -62*j + 10179. Let n = -221 + j. What is the remainder when n is divided by 23?
17
Suppose -5*n - 3*a = 66, -a - 38 = n + 2*n. Let h(v) = v + 44. Let z be h(n). What is the remainder when 54 is divided by (z + 1)*(0 - (-4)/12)?
10
Let s(o) = o**3 - 9*o**2 + 18*o - 6. Let t = 6 + 1. Calculate the remainder when 736/12 - (-3)/(-9) is divided by s(t).
17
Suppose 2*k + 3 = p, 3*k - 6*p + 8 = -p. Let c(q) = -3 - 2*q - 5*q - 6*q + 8. Calculate the remainder when 51 is divided by c(k).
15
Suppose 0 = 4*k + j - 63, k + j = 6*j. What is the remainder when ((-14)/3 + 0)/(k/(-45)) is divided by 11?
3
Let d(l) = 36 + 30*l - 32*l + 88 + 14 - 20. Calculate the remainder when d(20) is divided by 16.
14
Suppose -3*c = c - 144. Suppose 5*v = -5*x + 85, -4*v = 49 - 21. What is the remainder when c is divided by x?
12
Let l(z) = -4*z**2 + 2*z - 3*z**3 + z**3 + 2 + z**3. Let y(s) = s**2 + 41*s + 143. Calculate the remainder when y(-39) is divided by l(-5).
14
Suppose -136*d + 57620 = -134*d. Calculate the remainder when 4/10*d/86 is divided by 15.
14
Let w(z) = 41*z**2 - 8*z + 22. Calculate the remainder when w(3) is divided by 76.
63
Let q(i) = i**3 + 2*i + 33. Let x be q(0). Suppose 0*k = -5*z + 3*k + x, -2*z + 30 = 3*k. Let o(c) = 2*c + 13. What is the remainder when o(6) is divided by z?
7
Suppose 0 = 5*z + 5*f - 495, -91*z + 95*z - 389 = -5*f. What is the remainder when 8050 is divided by z?
100
Suppose 8*g - 8778 = -35*g - 90*g. What is the remainder when g is divided